{"id":8,"date":"2018-03-19T09:53:34","date_gmt":"2018-03-19T09:53:34","guid":{"rendered":"https:\/\/alharia.com\/?page_id=8"},"modified":"2019-09-14T17:37:04","modified_gmt":"2019-09-14T17:37:04","slug":"finca","status":"publish","type":"page","link":"https:\/\/alharia.com\/es\/finca\/","title":{"rendered":"La Finca"},"content":{"rendered":"\n<p> La Alhar\u00eda consiste en una casa con dependencias as\u00ed como sus jardines y bosques. Tiene una superficie total de 25 hect\u00e1reas, con solo 15 hect\u00e1reas bajo manejo y 10 hect\u00e1reas &nbsp;\u00e1rea silvestre. Se encuentra en un lugar aislado con hermosas vistas y enclavado en la cordillera Serran\u00eda de Ronda. Alrededor de la vivienda cultivamos terrazas f\u00e9rtiles con huertos, una gran variedad de \u00e1rboles frutales y un bosque mixto. Producimos principalmente alimentos y productos forestales para nuestro propio consumo, s\u00f3lo el corcho se vende en grandes cantidades. Gestionamos la finca con mucho trabajo manual y poco uso de ayudas t\u00e9cnicas. La finca es autosuficiente en energ\u00eda, extrae la electricidad de su propio sistema fotovoltaico as\u00ed como el agua de sus propias fuentes.<\/p>\n\n\n\n<figure class=\"wp-block-image\"><img loading=\"lazy\" width=\"1024\" height=\"768\" src=\"https:\/\/alharia.com\/wp-content\/uploads\/2018\/03\/DSC04473-1024x768.jpg\" alt=\"\" class=\"wp-image-33\" srcset=\"https:\/\/alharia.com\/wp-content\/uploads\/2018\/03\/DSC04473.jpg 1024w, https:\/\/alharia.com\/wp-content\/uploads\/2018\/03\/DSC04473-300x225.jpg 300w, https:\/\/alharia.com\/wp-content\/uploads\/2018\/03\/DSC04473-768x576.jpg 768w\" sizes=\"(max-width: 706px) 89vw, (max-width: 767px) 82vw, 740px\" \/><\/figure>\n","protected":false},"excerpt":{"rendered":"<p>La Alhar\u00eda consiste en una casa con dependencias as\u00ed como sus jardines y bosques. Tiene una superficie total de 25 hect\u00e1reas, con solo 15 hect\u00e1reas bajo manejo y 10 hect\u00e1reas &nbsp;\u00e1rea silvestre. Se encuentra en un lugar aislado con hermosas vistas y enclavado en la cordillera Serran\u00eda de Ronda. Alrededor de la vivienda cultivamos terrazas &hellip; <\/p>\n<p class=\"link-more\"><a href=\"https:\/\/alharia.com\/es\/finca\/\" class=\"more-link\">Continue reading<span class=\"screen-reader-text\"> &#8220;La Finca&#8221;<\/span><\/a><\/p>\n","protected":false},"author":1,"featured_media":0,"parent":0,"menu_order":0,"comment_status":"closed","ping_status":"closed","template":"","meta":[],"translation":{"provider":"WPGlobus","version":"3.0.1","language":"es","enabled_languages":["de","en","es"],"languages":{"de":{"title":true,"content":true,"excerpt":false},"en":{"title":true,"content":true,"excerpt":false},"es":{"title":true,"content":true,"excerpt":false}}},"_links":{"self":[{"href":"https:\/\/alharia.com\/es\/wp-json\/wp\/v2\/pages\/8"}],"collection":[{"href":"https:\/\/alharia.com\/es\/wp-json\/wp\/v2\/pages"}],"about":[{"href":"https:\/\/alharia.com\/es\/wp-json\/wp\/v2\/types\/page"}],"author":[{"embeddable":true,"href":"https:\/\/alharia.com\/es\/wp-json\/wp\/v2\/users\/1"}],"replies":[{"embeddable":true,"href":"https:\/\/alharia.com\/es\/wp-json\/wp\/v2\/comments?post=8"}],"version-history":[{"count":28,"href":"https:\/\/alharia.com\/es\/wp-json\/wp\/v2\/pages\/8\/revisions"}],"predecessor-version":[{"id":622,"href":"https:\/\/alharia.com\/es\/wp-json\/wp\/v2\/pages\/8\/revisions\/622"}],"wp:attachment":[{"href":"https:\/\/alharia.com\/es\/wp-json\/wp\/v2\/media?parent=8"}],"curies":[{"name":"wp","href":"https:\/\/api.w.org\/{rel}","templated":true}]}}

<p> La Alharía consiste en una casa con dependencias así como sus jardines y bosques. Tiene una superficie total de 25 hectáreas, con solo 15 hectáreas bajo manejo y 10 hectáreas &nbsp;área silvestre. Se encuentra en un lugar aislado con hermosas vistas y enclavado en la cordillera Serranía de Ronda. Alrededor de la vivienda cultivamos terrazas fértiles con huertos, una gran variedad de árboles frutales y un bosque mixto. Producimos principalmente alimentos y productos forestales para nuestro propio consumo, sólo el corcho se vende en grandes cantidades. Gestionamos la finca con mucho trabajo manual y poco uso de ayudas técnicas. La finca es autosuficiente en energía, extrae la electricidad de su propio sistema fotovoltaico así como el agua de sus propias fuentes.</p>



<figure class="wp-block-image"><img loading="lazy" width="1024" height="768" src="https://alharia.com/wp-content/uploads/2018/03/DSC04473-1024x768.jpg" alt="" class="wp-image-33" srcset="https://alharia.com/wp-content/uploads/2018/03/DSC04473.jpg 1024w, https://alharia.com/wp-content/uploads/2018/03/DSC04473-300x225.jpg 300w, https://alharia.com/wp-content/uploads/2018/03/DSC04473-768x576.jpg 768w" sizes="(max-width: 706px) 89vw, (max-width: 767px) 82vw, 740px" /></figure>

<p>La Alharía consiste en una casa con dependencias así como sus jardines y bosques. Tiene una superficie total de 25 hectáreas, con solo 15 hectáreas bajo manejo y 10 hectáreas &nbsp;área silvestre. Se encuentra en un lugar aislado con hermosas vistas y enclavado en la cordillera Serranía de Ronda. Alrededor de la vivienda cultivamos terrazas &hellip; </p>
<p class="link-more"><a href="https://alharia.com/es/finca/" class="more-link">Continue reading<span class="screen-reader-text"> &#8220;La Finca&#8221;</span></a></p>
